Calculate the greatest common factor of 144 and 121950936.
72
Calculate the highest common factor of 16247 and 44611.
7
Calculate the highest common divisor of 1094828 and 54418336.
17948
What is the highest common divisor of 762127 and 1241?
17
What is the highest common factor of 1159588 and 164?
4
Calculate the highest common factor of 16398622 and 814.
74
Calculate the greatest common divisor of 2817 and 108730566.
2817
Calculate the highest common factor of 299 and 1911039.
13
What is the greatest common divisor of 1157401 and 49?
7
Calculate the greatest common factor of 8822 and 112508.
22
Calculate the greatest common divisor of 331685 and 1175.
5
What is the greatest common divisor of 51587 and 129947?
653
Calculate the highest common divisor of 525905 and 6075995.
535
What is the highest common factor of 2365 and 3628955?
55
Calculate the highest common factor of 9 and 644121.
9
What is the highest common divisor of 5161 and 96904127?
397
What is the greatest common factor of 9317 and 1172833277?
9317
What is the highest common factor of 383486 and 25?
1
What is the highest common divisor of 5038 and 633643?
229
Calculate the highest common divisor of 126 and 9878358.
42
Calculate the highest common divisor of 2263 and 8895884.
31
Calculate the greatest common factor of 4271924 and 58280.
5828
Calculate the greatest common divisor of 12510 and 4401018.
2502
What is the greatest common factor of 1176 and 2981615?
7
Calculate the greatest common divisor of 228619894 and 95.
19
What is the greatest common factor of 3469016530 and 140?
70
Calculate the highest common divisor of 30856700 and 32725.
2975
Calculate the greatest common factor of 4829 and 42020.
11
Calculate the greatest common divisor of 2673 and 89045.
11
What is the greatest common divisor of 14333214 and 198102?
822
Calculate the greatest common factor of 35601 and 1639627789.
11867
What is the highest common factor of 12978 and 304468?
206
Calculate the highest common divisor of 54800 and 3877360.
80
Calculate the greatest common divisor of 144394086 and 387.
129
Calculate the greatest common factor of 36867069 and 54.
27
What is the highest common divisor of 94156000 and 3840?
160
What is the greatest common divisor of 309235791 and 3?
3
What is the greatest common factor of 1046792624 and 496?
496
Calculate the greatest common factor of 135 and 30786570.
45
What is the greatest common divisor of 362 and 11984734?
362
Calculate the greatest common factor of 5671 and 589996.
53
Calculate the greatest common divisor of 64619 and 11317711.
361
Calculate the greatest common divisor of 1393 and 1801154572.
1393
What is the highest common divisor of 9482 and 66602?
2
What is the greatest common divisor of 17 and 308422891?
17
What is the greatest common factor of 56 and 2966978?
14
What is the highest common divisor of 4425 and 68160?
15
What is the highest common divisor of 130845932 and 1064?
532
What is the greatest common factor of 49 and 6644057?
49
Calculate the highest common factor of 21222516 and 56.
28
Calculate the greatest common factor of 4256 and 108187653.
133
Calculate the highest common divisor of 29993 and 11093366.
337
Calculate the greatest common divisor of 96990 and 62.
2
Calculate the highest common factor of 8667 and 3240.
81
Calculate the highest common factor of 740 and 749842.
74
Calculate the greatest common factor of 3937133 and 556295.
3589
Calculate the highest common factor of 42 and 60270483.
21
What is the highest common divisor of 4549504 and 64384?
128
What is the greatest common factor of 6150 and 132594?
246
Calculate the greatest common divisor of 297 and 4165695.
27
What is the highest common divisor of 7741284 and 5415?
1083
What is the greatest common factor of 92 and 380203754?
46
Calculate the highest common divisor of 1142820 and 37800.
1260
What is the highest common factor of 721030 and 710?
10
What is the greatest common factor of 488 and 3468104?
8
Calculate the highest common factor of 12305 and 196389405.
535
Calculate the highest common divisor of 1254 and 7057908.
66
What is the greatest common factor of 169592 and 113696?
136
What is the greatest common divisor of 74789708 and 1201396?
11228
Calculate the greatest common factor of 185513 and 215325.
29
Calculate the greatest common factor of 19477986 and 1122.
66
Calculate the greatest common factor of 7502790 and 3623430.
13470
What is the highest common divisor of 1903155 and 639?
213
Calculate the highest common divisor of 43327005 and 225.
15
What is the greatest common factor of 4260 and 295164750?
2130
Calculate the highest common divisor of 32672672 and 2172.
724
Calculate the greatest common divisor of 33832708 and 2296.
1148
Calculate the highest common factor of 747858870 and 270.
90
Calculate the greatest common divisor of 10 and 11125805.
5
Calculate the greatest common divisor of 103995162 and 24.
6
Calculate the highest common divisor of 16770657 and 7659.
2553
Calculate the greatest common divisor of 4 and 25778276.
4
What is the greatest common divisor of 19942 and 3451382?
118
What is the highest common divisor of 72337712 and 596?
596
What is the greatest common divisor of 1076431 and 71?
71
Calculate the highest common divisor of 440090 and 490.
70
What is the highest common factor of 40910500 and 25500?
8500
What is the highest common divisor of 332 and 13979939?
83
Calculate the greatest common factor of 17343 and 285525.
423
Calculate the greatest common divisor of 3752 and 261549575.
469
Calculate the greatest common factor of 780 and 9885120.
60
What is the greatest common divisor of 2867240 and 92200?
40
What is the greatest common divisor of 448400 and 1382960?
4720
Calculate the highest common factor of 5016430 and 4927715.
8065
What is the highest common divisor of 4700910 and 435?
15
Calculate the highest common factor of 932443265 and 12890.
6445
What is the greatest common divisor of 14 and 4962566?
14
What is the highest common factor of 88 and 171544?
8
What is the greatest common divisor of 2046746227 and 139?
139
What is the greatest common divisor of 48 and 912996?
12
What is the highest common divisor of 171 and 43035?
57
What is the greatest common factor of 5081006 and 4309?
139
Calculate the highest common factor of 31431394 and 4.
2
Calculate the greatest common factor of 27 and 13993056.
9
What is the highest common divisor of 969 and 6966787?
323
Calculate the highest common divisor of 212232 and 239.
239
Calculate the highest common factor of 65024 and 683260.
508
Calculate the highest common divisor of 20254 and 2111090.
1558
Calculate the greatest common divisor of 5200 and 375427.
13
What is the highest common divisor of 3166073 and 865?
173
Calculate the greatest common factor of 1359132 and 1272.
636
What is the greatest common factor of 1300 and 2854475?
325
Calculate the greatest common divisor of 3771 and 2618331.
1257
What is the highest common factor of 11083392 and 52?
4
What is the highest common divisor of 8 and 2248924?
4
What is the greatest common divisor of 2871 and 2900493?
261
What is the greatest common divisor of 1540468324 and 502?
502
Calculate the highest common factor of 760977 and 958941.
423
What is the greatest common factor of 19311504 and 5088?
2544
What is the highest common divisor of 48928974 and 348?
174
Calculate the greatest common factor of 166 and 11174041.
83
What is the highest common divisor of 1015 and 140396395?
145
What is the highest common factor of 50138 and 109834126?
4558
Calculate the highest common divisor of 833562 and 18.
18
Calculate the greatest common divisor of 143 and 10775284.
13
What is the highest common factor of 1643 and 5629724?
31
Calculate the highest common factor of 41558180 and 100.
20
What is the highest common factor of 65509440 and 384?
192
What is the greatest common factor of 19564 and 12688714?
146
What is the greatest common factor of 2668 and 165769510?
1334
What is the greatest common divisor of 71710 and 3170?
10
What is the greatest common divisor of 22754740 and 1290?
430
What is the highest common divisor of 26955 and 126855?
45
Calculate the highest common factor of 1603198 and 4411.
401
What is the greatest common factor of 139624 and 4495?
3